ded by 92?
23
Calculate the remainder when 27679073 is divided by 2707.
2705
What is the remainder when 3106391 is divided by 142?
141
Calculate the remainder when 149512 is divided by 140.
132
Calculate the remainder when 834157 is divided by 264.
181
Calculate the remainder when 136382064 is divided by 46.
22
What is the remainder when 165075071 is divided by 161?
0
What is the remainder when 337153 is divided by 80?
33
Calculate the remainder when 102374 is divided by 367.
348
Calculate the remainder when 16750 is divided by 7808.
1134
Calculate the remainder when 327807 is divided by 4570.
3337
What is the remainder when 10371150 is divided by 5185560?
30
Calculate the remainder when 54174220 is divided by 446.
384
What is the remainder when 5786029 is divided by 189?
172
Calculate the remainder when 1268458 is divided by 8455.
208
What is the remainder when 777538 is divided by 1732?
1602
Calculate the remainder when 917433 is divided by 125.
58
What is the remainder when 3028974 is divided by 605779?
79
What is the remainder when 33136080 is divided by 517?
516
Calculate the remainder when 21999 is divided by 170.
69
Calculate the remainder when 99182962 is divided by 19.
17
Calculate the remainder when 2191782 is divided by 6810.
5772
What is the remainder when 255940952 is divided by 4412775?
2
What is the remainder when 854203 is divided by 2997?
58
Calculate the remainder when 858677 is divided by 531.
50
What is the remainder when 9497 is divided by 8712?
785
What is the remainder when 594655 is divided by 297250?
155
What is the remainder when 18984 is divided by 946?
64
Calculate the remainder when 21697 is divided by 4330.
47
What is the remainder when 52755505 is divided by 24733?
16
Calculate the remainder when 8512557 is divided by 86.
19
Calculate the remainder when 195948519 is divided by 95.
94
What is the remainder when 3999670 is divided by 2697?
19
What is the remainder when 249787 is divided by 124764?
259
What is the remainder when 17922237 is divided by 266?
221
What is the remainder when 628576 is divided by 312704?
3168
Calculate the remainder when 10506131 is divided by 189.
188
What is the remainder when 15105372 is divided by 29?
26
Calculate the remainder when 438522 is divided by 92.
50
What is the remainder when 600018 is divided by 340?
258
What is the remainder when 1019083 is divided by 25?
8
What is the remainder when 477312 is divided by 36716?
4
Calculate the remainder when 9730215 is divided by 44.
11
What is the remainder when 92084360 is divided by 720?
680
What is the remainder when 16426355 is divided by 2053292?
19
What is the remainder when 7640 is divided by 1805?
420
Calculate the remainder when 171522 is divided by 473.
296
Calculate the remainder when 66454 is divided by 6218.
4274
Calculate the remainder when 1025450 is divided by 64042.
778
Calculate the remainder when 181431 is divided by 181054.
377
Calculate the remainder when 872303 is divided by 3947.
16
Calculate the remainder when 107190761 is divided by 140.
41
Calculate the remainder when 157021 is divided by 815.
541
What is the remainder when 159546927 is divided by 2454568?
7
What is the remainder when 22573101 is divided by 1341?
48
What is the remainder when 1088426 is divided by 3173?
87
What is the remainder when 7502738 is divided by 234?
230
Calculate the remainder when 136445 is divided by 1942.
505
What is the remainder when 1099131 is divided by 1428?
999
Calculate the remainder when 910313 is divided by 32510.
33
Calculate the remainder when 35000 is divided by 8480.
1080
What is the remainder when 676205 is divided by 5324?
57
Calculate the remainder when 15408 is divided by 8.
0
Calculate the remainder when 8355848 is divided by 1671168.
8
Calculate the remainder when 3096911 is divided by 1032177.
380
What is the remainder when 2564449 is divided by 330?
19
What is the remainder when 9211209 is divided by 2941?
2938
Calculate the remainder when 1319035 is divided by 4009.
74
Calculate the remainder when 6585456 is divided by 165.
141
Calculate the remainder when 770870 is divided by 941.
191
What is the remainder when 9032347 is divided by 468?
415
Calculate the remainder when 308409 is divided by 23707.
218
Calculate the remainder when 491815 is divided by 80.
55
What is the remainder when 8985609 is divided by 38?
15
Calculate the remainder when 104707 is divided by 2937.
1912
Calculate the remainder when 2017439 is divided by 27.
26
Calculate the remainder when 42727 is divided by 191.
134
What is the remainder when 9906595 is divided by 275?
270
Calculate the remainder when 2576169 is divided by 515227.
34
Calculate the remainder when 31094 is divided by 186.
32
What is the remainder when 35283 is divided by 1987?
1504
Calculate the remainder when 433554 is divided by 144082.
1308
What is the remainder when 3685943 is divided by 370?
3
What is the remainder when 124035 is divided by 911?
139
Calculate the remainder when 14934974 is divided by 15.
14
Calculate the remainder when 18216306 is divided by 70.
66
What is the remainder when 86374 is divided by 28353?
1315
Calculate the remainder when 11518 is divided by 3257.
1747
What is the remainder when 10599928 is divided by 618?
610
What is the remainder when 61087240 is divided by 189?
172
What is the remainder when 1568239 is divided by 1436?
127
Calculate the remainder when 322388516 is divided by 11.
10
What is the remainder when 13401 is divided by 11927?
1474
What is the remainder when 1828120 is divided by 117?
112
Calculate the remainder when 1097416 is divided by 182901.
10
Calculate the remainder when 299425 is divided by 11954.
575
What is the remainder when 22648045 is divided by 107?
104
Calculate the remainder when 242831608 is divided by 18.
16
What is the remainder when 57184 is divided by 2862?
2806
Calculate the remainder when 585978 is divided by 6.
0
What is the remainder when 1725425 is divided by 156855?
20
What is the remainder when 93114 is divided by 89625?
3489
What is the remainder when 26971864 is divided by 2926?
2922
What is the remainder when 20780690 is divided by 87?
44
What is the remainder when 420915 is divided by 20?
15
Calculate the remainder when 2260333 is divided by 141265.
93
What is the remainder when 98097 is divided by 373?
371
Calculate the remainder when 543738 is divided by 45310.
18
What is the remainder when 962736 is divided by 260?
216
What is the remainder when 3252824 is divided by 915?
914
What is the remainder when 39875362 is divided by 613467?
7
Calculate the remainder when 356017 is divided by 63.
4
What is the remainder when 212773884 is divided by 188?
184
Calculate the remainder when 1732274 is divided by 100.
74
Calculate the remainder when 114190454 is divided by 114190454.
0
What is the remainder when 94007 is divided by 3350?
207
What is the remainder when 29303274 is divided by 1510?
214
What is the remainder when 24892483 is divided by 17?
12
Calculate the remainder when 120430 is divided by 1192.
38
Calculate the remainder when 6260865 is divided by 4366.
21
Calculate the remainder when 257241 is divided by 2254.
285
What is the remainder when 4927031 is divided by 27836?
59
What is the remainder when 3024072 is divided by 1468?
1460
What is the remainder when 170341681 is divided by 14?
13
What is the remainder when 6192079 is divided by 2015?
1999
What is the remainder when 103406591 is divided by 77?
57
Calculate the remainder when 3023829 is divided by 377977.
13
What is the remainder when 4054 is divided by 1462?
1130
What is the remainder when 1338349 is divided by 297?
67
What is the remainder when 51187815 is divided by 210?
105
What is the remainder when 224164 is divided by 2359?
59
What is the remainder when 43142372 is divided by 43?
42
What is the remainder when 2510924 is divided by 1255429?
66
Calculate the remainder when 31742 is divided by 1596.
1418
What is the remainder when 990052 is divided by 238?
210
Calculate the remainder when 3387529 is divided by 338670.
829
Calculate the remainder when 2750606 is divided by 70.
26
What is the remainder when 13618 is divided by 388?
38
Calculate the remainder when 1340797 is divided by 111712.
253
Calculate the remainder when 65020